{"id":25,"date":"2024-03-12T02:54:50","date_gmt":"2024-03-12T02:54:50","guid":{"rendered":"http:\/\/demos.famethemes.com\/onepress\/?page_id=25"},"modified":"2024-03-12T02:54:50","modified_gmt":"2024-03-12T02:54:50","slug":"gis","status":"publish","type":"page","link":"https:\/\/envitic.pl\/index.php\/gis\/","title":{"rendered":"Analizy przestrzenne GIS, rozwi\u0105zania GeoIT, autorskie narz\u0119dzia IT"},"content":{"rendered":"\n<blockquote class=\"wp-block-quote\">\n<p>Wszyscy jeste\u015bmy pielgrzymami w tej samej podr\u00f3\u017cy. Ale nasze mapy bywaj\u0105 lepsze i gorsze.<\/p>\n<cite>Nelson DeMille<\/cite><\/blockquote>\n\n\n\n<hr class=\"wp-block-separator has-alpha-channel-opacity\"\/>\n\n\n<p>Jako mi\u0142o\u015bnicy geoinformacji i wspieraj\u0105cych t\u0105 dziedzin\u0119 rozwi\u0105za\u0144 informatycznych \u015bwiadczymy us\u0142ugi przeprowadzania analiz przestrzennych GIS. Obejmuj\u0105 one wielokierunkow\u0105 analiz\u0119 danych geoprzestrzennych dla zadanego terenu wraz z przygotowaniem raport\u00f3w opisowych i opracowa\u0144 mapowych. Pozyskanie danych geoprzestrzennych w postaci ortofotomap wspiera flota bezza\u0142ogowych statk\u00f3w powietrznych pozostaj\u0105cych do naszej dyspozycji.<\/p>\n<p>Oferujemy tak\u017ce wdro\u017cenia internetowych serwis\u00f3w mapowych w postaci geoportali, dostosowanych do potrzeb i wymaga\u0144 klient\u00f3w lub wykonywanych wed\u0142ug przedstawianych nam przez klient\u00f3w specyfikacji technicznych.<\/p>\n<p>Dla dora\u017anych potrzeb klient\u00f3w przygotowujemy nak\u0142adki w postaci niestandardowych wektorowych danych mapowych wczytywanych bezpo\u015brednio do Map Google w aplikacji, przypisanych do dowolnego konta Google klienta. Jest to us\u0142uga szczeg\u00f3lnie preferowana przez Wykonawc\u00f3w i Inwestor\u00f3w realizuj\u0105cych liniowe inwestycje infrastrukturalne.<\/p>\n<p>Dla potrzeb wsparcia realizowanych przez nas us\u0142ug w dziedzinach przyrodniczych i analiz \u015brodowiskowych korzystamy z autorskich narz\u0119dzi IT i GeoIT, do kt\u00f3rych na obecnym etapie dzia\u0142alno\u015bci nie udzielamy dost\u0119pu stronom trzecim. W dalszej perspektywie dzia\u0142alno\u015bci planujemy uruchomienie serwis\u00f3w online wspomagaj\u0105cych dzia\u0142alno\u015b\u0107 naszych klient\u00f3w w aspektach ochrony \u015brodowiska, ochrony przyrody i gospodarki odpadami, integruj\u0105cych w sobie mechanik\u0119 i mo\u017cliwo\u015bci wspomnianych narz\u0119dzi.<\/p>\n\n\n<hr class=\"wp-block-separator has-alpha-channel-opacity\"\/>\n\n\n\n<figure class=\"wp-block-image size-full\"><img loading=\"lazy\" decoding=\"async\" width=\"735\" height=\"468\" src=\"https:\/\/envitic.pl\/wp-content\/uploads\/2024\/03\/mapa_kpn.png\" alt=\"\" class=\"wp-image-1502\" srcset=\"https:\/\/envitic.pl\/wp-content\/uploads\/2024\/03\/mapa_kpn.png 735w, https:\/\/envitic.pl\/wp-content\/uploads\/2024\/03\/mapa_kpn-300x191.png 300w\" sizes=\"(max-width: 735px) 100vw, 735px\" \/><\/figure>\n\n\n\n<p><\/p>\n","protected":false},"excerpt":{"rendered":"<p>Przeprowadzamy analizy przestrzenne GIS i wdra\u017camy internetowe serwisy danych przestrzennych wed\u0142ug wymaga\u0144 klient\u00f3w.<\/p>\n","protected":false},"author":2,"featured_media":0,"parent":0,"menu_order":0,"comment_status":"closed","ping_status":"closed","template":"","meta":{"footnotes":""},"yoast_head":"<!-- This site is optimized with the Yoast SEO plugin v22.2 - https:\/\/yoast.com\/wordpress\/plugins\/seo\/ -->\n<title>Analizy przestrzenne GIS, rozwi\u0105zania GeoIT, autorskie narz\u0119dzia IT - ENVITIC - \u015brodowisko | OO\u015a | przyroda | GIS | odpady<\/title>\n<meta name=\"robots\" content=\"index, follow, max-snippet:-1, max-image-preview:large, max-video-preview:-1\" \/>\n<link rel=\"canonical\" href=\"https:\/\/envitic.pl\/index.php\/gis\/\" \/>\n<meta property=\"og:locale\" content=\"pl_PL\" \/>\n<meta property=\"og:type\" content=\"article\" \/>\n<meta property=\"og:title\" content=\"Analizy przestrzenne GIS, rozwi\u0105zania GeoIT, autorskie narz\u0119dzia IT - ENVITIC - \u015brodowisko | OO\u015a | przyroda | GIS | odpady\" \/>\n<meta property=\"og:description\" content=\"Przeprowadzamy analizy przestrzenne GIS i wdra\u017camy internetowe serwisy danych przestrzennych wed\u0142ug wymaga\u0144 klient\u00f3w.\" \/>\n<meta property=\"og:url\" content=\"https:\/\/envitic.pl\/index.php\/gis\/\" \/>\n<meta property=\"og:site_name\" content=\"ENVITIC - \u015brodowisko | OO\u015a | przyroda | GIS | odpady\" \/>\n<meta property=\"og:image\" content=\"https:\/\/envitic.pl\/wp-content\/uploads\/2024\/03\/mapa_kpn.png\" \/>\n<meta name=\"twitter:card\" content=\"summary_large_image\" \/>\n<meta name=\"twitter:label1\" content=\"Szacowany czas czytania\" \/>\n\t<meta name=\"twitter:data1\" content=\"2 minuty\" \/>\n<script type=\"application\/ld+json\" class=\"yoast-schema-graph\">{\"@context\":\"https:\/\/schema.org\",\"@graph\":[{\"@type\":\"WebPage\",\"@id\":\"https:\/\/envitic.pl\/index.php\/gis\/\",\"url\":\"https:\/\/envitic.pl\/index.php\/gis\/\",\"name\":\"Analizy przestrzenne GIS, rozwi\u0105zania GeoIT, autorskie narz\u0119dzia IT - ENVITIC - \u015brodowisko | OO\u015a | przyroda | GIS | odpady\",\"isPartOf\":{\"@id\":\"https:\/\/envitic.pl\/#website\"},\"primaryImageOfPage\":{\"@id\":\"https:\/\/envitic.pl\/index.php\/gis\/#primaryimage\"},\"image\":{\"@id\":\"https:\/\/envitic.pl\/index.php\/gis\/#primaryimage\"},\"thumbnailUrl\":\"https:\/\/envitic.pl\/wp-content\/uploads\/2024\/03\/mapa_kpn.png\",\"datePublished\":\"2024-03-12T02:54:50+00:00\",\"dateModified\":\"2024-03-12T02:54:50+00:00\",\"breadcrumb\":{\"@id\":\"https:\/\/envitic.pl\/index.php\/gis\/#breadcrumb\"},\"inLanguage\":\"pl-PL\",\"potentialAction\":[{\"@type\":\"ReadAction\",\"target\":[\"https:\/\/envitic.pl\/index.php\/gis\/\"]}]},{\"@type\":\"ImageObject\",\"inLanguage\":\"pl-PL\",\"@id\":\"https:\/\/envitic.pl\/index.php\/gis\/#primaryimage\",\"url\":\"https:\/\/envitic.pl\/wp-content\/uploads\/2024\/03\/mapa_kpn.png\",\"contentUrl\":\"https:\/\/envitic.pl\/wp-content\/uploads\/2024\/03\/mapa_kpn.png\",\"width\":735,\"height\":468},{\"@type\":\"BreadcrumbList\",\"@id\":\"https:\/\/envitic.pl\/index.php\/gis\/#breadcrumb\",\"itemListElement\":[{\"@type\":\"ListItem\",\"position\":1,\"name\":\"Strona g\u0142\u00f3wna\",\"item\":\"https:\/\/envitic.pl\/\"},{\"@type\":\"ListItem\",\"position\":2,\"name\":\"Analizy przestrzenne GIS, rozwi\u0105zania GeoIT, autorskie narz\u0119dzia IT\"}]},{\"@type\":\"WebSite\",\"@id\":\"https:\/\/envitic.pl\/#website\",\"url\":\"https:\/\/envitic.pl\/\",\"name\":\"envitic.pl\",\"description\":\"Envitic Sp. z o.o. - kompleksowe us\u0142ugi w zakresie ochrony \u015brodowiska, przyrody, ocen oddzia\u0142ywania na \u015brodowisko, geoinformacji i doradztwa w zakresie gospodarowania odpadami oraz system&oacute;w ISO 14001, ISO 9001, ISO 45001.\",\"publisher\":{\"@id\":\"https:\/\/envitic.pl\/#organization\"},\"potentialAction\":[{\"@type\":\"SearchAction\",\"target\":{\"@type\":\"EntryPoint\",\"urlTemplate\":\"https:\/\/envitic.pl\/?s={search_term_string}\"},\"query-input\":\"required name=search_term_string\"}],\"inLanguage\":\"pl-PL\"},{\"@type\":\"Organization\",\"@id\":\"https:\/\/envitic.pl\/#organization\",\"name\":\"Envitic Sp. z o.o.\",\"url\":\"https:\/\/envitic.pl\/\",\"logo\":{\"@type\":\"ImageObject\",\"inLanguage\":\"pl-PL\",\"@id\":\"https:\/\/envitic.pl\/#\/schema\/logo\/image\/\",\"url\":\"https:\/\/envitic.pl\/wp-content\/uploads\/2024\/03\/logo_envitic_120pxh-e1710182982151.png\",\"contentUrl\":\"https:\/\/envitic.pl\/wp-content\/uploads\/2024\/03\/logo_envitic_120pxh-e1710182982151.png\",\"width\":242,\"height\":77,\"caption\":\"Envitic Sp. z o.o.\"},\"image\":{\"@id\":\"https:\/\/envitic.pl\/#\/schema\/logo\/image\/\"},\"sameAs\":[\"https:\/\/www.linkedin.com\/company\/envitic-spzoo\/\"]}]}<\/script>\n<!-- \/ Yoast SEO plugin. -->","yoast_head_json":{"title":"Analizy przestrzenne GIS, rozwi\u0105zania GeoIT, autorskie narz\u0119dzia IT - ENVITIC - \u015brodowisko | OO\u015a | przyroda | GIS | odpady","robots":{"index":"index","follow":"follow","max-snippet":"max-snippet:-1","max-image-preview":"max-image-preview:large","max-video-preview":"max-video-preview:-1"},"canonical":"https:\/\/envitic.pl\/index.php\/gis\/","og_locale":"pl_PL","og_type":"article","og_title":"Analizy przestrzenne GIS, rozwi\u0105zania GeoIT, autorskie narz\u0119dzia IT - ENVITIC - \u015brodowisko | OO\u015a | przyroda | GIS | odpady","og_description":"Przeprowadzamy analizy przestrzenne GIS i wdra\u017camy internetowe serwisy danych przestrzennych wed\u0142ug wymaga\u0144 klient\u00f3w.","og_url":"https:\/\/envitic.pl\/index.php\/gis\/","og_site_name":"ENVITIC - \u015brodowisko | OO\u015a | przyroda | GIS | odpady","og_image":[{"url":"https:\/\/envitic.pl\/wp-content\/uploads\/2024\/03\/mapa_kpn.png"}],"twitter_card":"summary_large_image","twitter_misc":{"Szacowany czas czytania":"2 minuty"},"schema":{"@context":"https:\/\/schema.org","@graph":[{"@type":"WebPage","@id":"https:\/\/envitic.pl\/index.php\/gis\/","url":"https:\/\/envitic.pl\/index.php\/gis\/","name":"Analizy przestrzenne GIS, rozwi\u0105zania GeoIT, autorskie narz\u0119dzia IT - ENVITIC - \u015brodowisko | OO\u015a | przyroda | GIS | odpady","isPartOf":{"@id":"https:\/\/envitic.pl\/#website"},"primaryImageOfPage":{"@id":"https:\/\/envitic.pl\/index.php\/gis\/#primaryimage"},"image":{"@id":"https:\/\/envitic.pl\/index.php\/gis\/#primaryimage"},"thumbnailUrl":"https:\/\/envitic.pl\/wp-content\/uploads\/2024\/03\/mapa_kpn.png","datePublished":"2024-03-12T02:54:50+00:00","dateModified":"2024-03-12T02:54:50+00:00","breadcrumb":{"@id":"https:\/\/envitic.pl\/index.php\/gis\/#breadcrumb"},"inLanguage":"pl-PL","potentialAction":[{"@type":"ReadAction","target":["https:\/\/envitic.pl\/index.php\/gis\/"]}]},{"@type":"ImageObject","inLanguage":"pl-PL","@id":"https:\/\/envitic.pl\/index.php\/gis\/#primaryimage","url":"https:\/\/envitic.pl\/wp-content\/uploads\/2024\/03\/mapa_kpn.png","contentUrl":"https:\/\/envitic.pl\/wp-content\/uploads\/2024\/03\/mapa_kpn.png","width":735,"height":468},{"@type":"BreadcrumbList","@id":"https:\/\/envitic.pl\/index.php\/gis\/#breadcrumb","itemListElement":[{"@type":"ListItem","position":1,"name":"Strona g\u0142\u00f3wna","item":"https:\/\/envitic.pl\/"},{"@type":"ListItem","position":2,"name":"Analizy przestrzenne GIS, rozwi\u0105zania GeoIT, autorskie narz\u0119dzia IT"}]},{"@type":"WebSite","@id":"https:\/\/envitic.pl\/#website","url":"https:\/\/envitic.pl\/","name":"envitic.pl","description":"Envitic Sp. z o.o. - kompleksowe us\u0142ugi w zakresie ochrony \u015brodowiska, przyrody, ocen oddzia\u0142ywania na \u015brodowisko, geoinformacji i doradztwa w zakresie gospodarowania odpadami oraz system&oacute;w ISO 14001, ISO 9001, ISO 45001.","publisher":{"@id":"https:\/\/envitic.pl\/#organization"},"potentialAction":[{"@type":"SearchAction","target":{"@type":"EntryPoint","urlTemplate":"https:\/\/envitic.pl\/?s={search_term_string}"},"query-input":"required name=search_term_string"}],"inLanguage":"pl-PL"},{"@type":"Organization","@id":"https:\/\/envitic.pl\/#organization","name":"Envitic Sp. z o.o.","url":"https:\/\/envitic.pl\/","logo":{"@type":"ImageObject","inLanguage":"pl-PL","@id":"https:\/\/envitic.pl\/#\/schema\/logo\/image\/","url":"https:\/\/envitic.pl\/wp-content\/uploads\/2024\/03\/logo_envitic_120pxh-e1710182982151.png","contentUrl":"https:\/\/envitic.pl\/wp-content\/uploads\/2024\/03\/logo_envitic_120pxh-e1710182982151.png","width":242,"height":77,"caption":"Envitic Sp. z o.o."},"image":{"@id":"https:\/\/envitic.pl\/#\/schema\/logo\/image\/"},"sameAs":["https:\/\/www.linkedin.com\/company\/envitic-spzoo\/"]}]}},"_links":{"self":[{"href":"https:\/\/envitic.pl\/index.php\/wp-json\/wp\/v2\/pages\/25"}],"collection":[{"href":"https:\/\/envitic.pl\/index.php\/wp-json\/wp\/v2\/pages"}],"about":[{"href":"https:\/\/envitic.pl\/index.php\/wp-json\/wp\/v2\/types\/page"}],"author":[{"embeddable":true,"href":"https:\/\/envitic.pl\/index.php\/wp-json\/wp\/v2\/users\/2"}],"replies":[{"embeddable":true,"href":"https:\/\/envitic.pl\/index.php\/wp-json\/wp\/v2\/comments?post=25"}],"version-history":[{"count":3,"href":"https:\/\/envitic.pl\/index.php\/wp-json\/wp\/v2\/pages\/25\/revisions"}],"predecessor-version":[{"id":1503,"href":"https:\/\/envitic.pl\/index.php\/wp-json\/wp\/v2\/pages\/25\/revisions\/1503"}],"wp:attachment":[{"href":"https:\/\/envitic.pl\/index.php\/wp-json\/wp\/v2\/media?parent=25"}],"curies":[{"name":"wp","href":"https:\/\/api.w.org\/{rel}","templated":true}]}}